*m - 9. Let g be w(-12). Suppose 100 = 5*j + d - 4*d, 0 = -g*d - 15. What is the greatest common factor of j and 119?
17
Suppose -2*g - 20 = -a + g, 0 = -5*g - 15. What is the greatest common divisor of a and 11?
11
Let m be (-267)/(-21) + (-2)/(-7). Suppose 183 = 14*g - 181. What is the greatest common factor of g and m?
13
Suppose -6 = -2*a - a. Let u = 9 - 9. Suppose 5*t - 5*y + 15 = u, -1 = 2*t - 4*y + 15. What is the highest common factor of a and t?
2
Suppose 0 = -v + 10 + 2. Suppose -4*f - 32 = -3*a, -3*a + f = -21 - 14. What is the highest common factor of a and v?
12
Suppose 3*d + x + 3*x - 9 = 0, -d = -5*x - 22. Calculate the greatest common factor of 1 and d.
1
Suppose b + 79 = 5*r - 2*b, 0 = 2*b - 4. What is the greatest common divisor of r and 17?
17
Suppose 1254 = 14*r - 8*r. What is the greatest common factor of 19 and r?
19
Let c(j) = 30*j - 1. Let l be c(1). Calculate the greatest common factor of 29 and l.
29
Let x = -86 - -151. Calculate the highest common divisor of x and 39.
13
Suppose 4*p + 1 = 5, 3*p = 4*s - 97. Suppose -5*o + 119 = 4*r + 19, r - s = -3*o. What is the highest common factor of r and 5?
5
Let f = 77 + -47. Let h = f - 44. Let d be (-2)/7 + (-60)/h. Calculate the greatest common divisor of 1 and d.
1
Suppose 0 = -2*t - 2*q + 4*q + 6, 0 = 3*q + 15. Let l = t + 3. What is the highest common divisor of 1 and l?
1
Let n = -4 + 14. Suppose 3*v + v - 5*c = 25, 5*c + n = v. What is the highest common factor of v and 2?
1
Let i = -58 + 69. Let b be (-11 + 0)/(1 - 2). What is the highest common divisor of b and i?
11
Let q(m) = -m**3 + 4*m**2 - 3*m - 4. Let f be q(4). Let l = 29 + f. Calculate the highest common factor of 26 and l.
13
Let j be (-4 - -8)*(-9)/(-2). Calculate the highest common divisor of j and 72.
18
Suppose -5*d = 0, -2*k = 3*d + 2 - 16. What is the greatest common divisor of 1 and k?
1
Suppose 0 = -3*p + 7*p - 968. Suppose -5*m = -m - 2*l - 2, 5*l = -m - 5. Suppose -f + p = -m*f. What is the greatest common divisor of f and 22?
22
Let a be 12 + -3 + 2 + 1. What is the highest common factor of a and 6?
6
Let a(z) = -z**3 + z**2 + 2*z + 3. Let u be a(-3). What is the greatest common factor of 11 and u?
11
Suppose -3*k + 26 = 4*l, -1 = 2*k - 2*l + 5. Let s be 6*12/8 - k. Calculate the highest common factor of 35 and s.
7
Let q be (30/(-9) + 4)*(-66)/(-4). Calculate the highest common factor of 33 and q.
11
Let i(b) be the second derivative of 23*b**3/6 - b**2/2 + 4*b. Let o be i(2). Calculate the greatest common divisor of 15 and o.
15
Suppose -3*s = 5*f + 2*s - 145, -s = 3*f - 77. Calculate the highest common factor of 24 and f.
24
Suppose 15 = 3*f + 2*f. What is the highest common divisor of 3 and f?
3
Let s be (-2)/4 - (-10)/4. Let g be (-294)/(-35) - s/5. Calculate the highest common divisor of g and 1.
1
Let m(z) = z**2 + 5*z + 3. Let u be m(-5). Suppose 6 = 5*k - 3*k. Suppose -r - 3 = r - 3*j, -3 = -u*r + k*j. Calculate the highest common factor of 24 and r.
6
Let g(b) = -b**3 - 12*b**2 - 11*b + 2. Let z be g(-11). Suppose -d - u = z*u - 11, -4*u - 112 = -5*d. What is the highest common divisor of d and 50?
10
Suppose 3*m + 5*k + 0*k = 39, -2*m - k = -26. Suppose -4*p - 1 = -m. Let o be 3*p*1/1. What is the highest common divisor of o and 6?
3
Let h(s) = 13*s + 86. Let m be h(-5). Let u(z) = z**3 + 4*z**2 + 2*z. Let k be u(-3). Calculate the greatest common divisor of k and m.
3
Suppose 5 = 3*s + 4*u + 1, -s - 5*u - 6 = 0. Suppose y - 50 = -s*y. What is the greatest common factor of y and 30?
10
Suppose 0 = -z - 4*s + 4, z - s - 28 = 3*s. Calculate the greatest common divisor of z and 96.
16
Suppose 16 = 2*h - 16. What is the highest common factor of 176 and h?
16
Suppose -11 = -5*u - 1. Suppose -k - 16 = -3*p, -u*k - 9 = -3*p + 8. Let m = p - 3. What is the highest common factor of 22 and m?
2
Let r = 11 - 6. Let x(i) = 2 + 5*i - 1 + 2*i + i**3 - 6*i**2. Let g be x(r). Calculate the highest common divisor of g and 99.
11
Let r = -12 - -16. Suppose -2*x + 55 = 6*d - d, r*x - d - 77 = 0. What is the greatest common factor of 5 and x?
5
Let d(w) = w**2 - 9*w + 7. Let b be d(6). Let l = b - -16. Suppose -l*m + 90 = -2*m. What is the highest common divisor of m and 20?
10
Suppose -6 = -2*t + 18. Calculate the highest common divisor of t and 12.
12
Let k be 0 - (-2 - -2) - -13. Let w = -154 - -3. Let l = w - -216. What is the highest common divisor of l and k?
13
Suppose k - 9*k + 120 = 0. Calculate the highest common factor of k and 120.
15
Let k = 225 - 35. Calculate the highest common divisor of k and 10.
10
Let y = -8 - -3. Let t be (-203)/y - 21/35. Calculate the highest common factor of 8 and t.
8
Let m be (14/(-6))/((-2)/(-18)). Let p be 9 - m - (-3 + 1). What is the highest common factor of p and 16?
16
Let w = -14 - -25. Suppose 4*s = -5*t + 17, -8*t - w = -4*t - 5*s. Calculate the highest common factor of 1 and t.
1
Let m = 51 - 23. Suppose m = 3*o - 20. Calculate the highest common factor of 2 and o.
2
Let f be 2/8 + 75/4. Calculate the highest common factor of f and 95.
19
Let q be ((-88)/20)/((-44)/20 - -2). Calculate the highest common factor of q and 66.
22
Let s be (8/(-2))/(-8)*72. What is the highest common divisor of s and 24?
12
Suppose g - 37 + 9 = 0. Let m be (-74)/(-10) + 24/(-60). Calculate the highest common divisor of g and m.
7
Let z be 10/35 + (-250)/(-7). Calculate the greatest common factor of z and 9.
9
Let a be 1228/16 + 3/(-4). Suppose -2*n - 2*f + 36 = 0, 0 = 4*n + 6*f - f - a. What is the greatest common factor of 35 and n?
7
Let d be ((-8)/(-10))/(6/195). Calculate the highest common divisor of d and 13.
13
Let i(x) = -x**3 + 7*x**2 + 3. Let z be i(7). Suppose z*r + 0*r - 15 = 0. Suppose -y - r = -23. Calculate the greatest common factor of y and 27.
9
Let k = 9 - 9. Suppose k = 2*c - 3*c + o + 3, c - 4 = 2*o. Suppose -35 = -c*y + y. What is the highest common divisor of 7 and y?
7
Let m(b) = -5 - 3*b + 5. Let y be m(-1). Suppose 33 = y*f - 4*h - 1, -h = -2*f + 31. What is the greatest common factor of f and 2?
2
Suppose -18*x = -3*x - 15. What is the greatest common factor of x and 2?
1
Let m = -7 + 39. Let h be ((-2)/4)/(2/(-16)). What is the greatest common divisor of m and h?
4
Suppose -43 = -4*r + 1. Let s = 16 - r. What is the highest common factor of 35 and s?
5
Suppose -1 = 4*j + 3. Let n(y) be the third derivative of -71*y**4/24 - y**3/6 - 2*y**2. Let z be n(j). What is the greatest common factor of z and 14?
14
Let k(y) = y**3 - 2*y**2 - 3*y - 2. Let q be k(3). Let t be (2/5)/(q/(-180)). Calculate the highest common divisor of 9 and t.
9
Let t = 3 - -132. Calculate the highest common factor of t and 30.
15
Let i be (-5)/(-3)*(-3)/(-1). Suppose -2*j - 7 = i. Let l be j/(-1 - -4) + 23. What is the highest common divisor of l and 14?
7
Let r be (-2)/(-3) - (-406)/3. Let q = -9 + 13. Suppose r = 4*p - q*t, -4*t - 140 = -4*p - 2*t. Calculate the greatest common divisor of p and 24.
12
Suppose 56 = 9*c - 2*c. Calculate the highest common divisor of c and 12.
4
Let z(d) be the first derivative of 2*d + 1/4*d**4 + 2*d**3 - 9/2*d**2 + 4. Let a be z(-7). Calculate the greatest common divisor of 128 and a.
16
Suppose -2*a = 2*a + 596. Let t = -89 - a. What is the highest common factor of t and 24?
12
Suppose -7*n = -223 - 15. Calculate the greatest common factor of n and 119.
17
Let t = -4 + 6. Suppose 2*j = -3*k + 85, -t*k + 5*k - 3*j = 75. Suppose q = -2*w - 2 - 5, -3*w - 9 = 2*q. What is the highest common factor of k and q?
3
Let t be 14 + 2/2 + -2. Suppose -t = 2*h - 3*h. Suppose -u + 20 = 4*u, -4*r + 5*u + 552 = 0. What is the greatest common divisor of r and h?
13
Suppose -2333 = -9*b - 263. Calculate the greatest common divisor of 46 and b.
46
Let b = 3 - -2. Suppose 10 = -3*f + b*f. What is the greatest common divisor of 5 and f?
5
Let r = 31 - 58. Let g = -20 + -43. Let k = r - g. What is the highest common factor of k and 9?
9
Suppose -2*c = -c - 25. What is the greatest common divisor of c and 175?
25
Let q = -2 - -4. Suppose 3*d = q*h + 7 + 3, -d = 3*h - 18. Suppose 4*a = 2 + d. What is the greatest common divisor of a and 4?
2
Let k(h) = h**3 + 10*h**2 - 13*h - 9. Let i be k(-11). Let l be (-2)/2 - 1 - -93. Calculate the greatest common divisor of